(39/65)/(2/10). Suppose -2*q - 57 = -4*q - 3*y, -v*q = -5*y - 38. What is the remainder when q is divided by (-22)/(-3) - 6/(-9)?
5
Suppose -3*d + 32 = -0*i + i, 3*i = d + 136. What is the remainder when i is divided by 0 + (4 + 46)/5?
4
Let x = -11 - -40. Calculate the remainder when (x*-4)/(-2) - 0 is divided by (-6)/((-120)/385) + (-3)/(-4).
18
Let t be (-14)/(-6)*(1 - 2)*-3. Suppose -t*v + 32 = -5*v. What is the remainder when 79 is divided by v?
15
Suppose 4*k + 3 - 27 = 0. Let r(x) = x**2. What is the remainder when 69 is divided by r(k)?
33
Let f = 11 - 14. Let x be (-26)/f*(-26 - -8). Let w = 220 + x. What is the remainder when w is divided by 13?
12
Let a(s) be the second derivative of -s**5/20 + s**4/12 - 7*s**3/6 + 3*s**2 - 3*s. Let x be a(-6). What is the remainder when 42 is divided by 2/7 - x/(-28)?
9
Suppose 10 = -7*h + 206. What is the remainder when 978 is divided by h?
26
Let d(q) = q**3 + 15*q**2 + 11*q + 27. What is the remainder when d(-14) is divided by 12?
9
Calculate the remainder when 96 is divided by 12*13/3*1.
44
Let n be (-2)/10 + 1179/45. Let y = -22 + n. Calculate the remainder when 20 is divided by y.
0
Suppose -6*c = -3*t - 2*c + 855, t + 5*c = 266. Calculate the remainder when t is divided by 74.
59
Let g(k) = k**2 - k - 2. Calculate the remainder when 14/((-112)/24)*166/(-6) is divided by g(-5).
27
Suppose -2*j - 3*k = -32, 3*k + 2*k = 20. Suppose 3*q + 2*v = 20, 0 = q - 0*v - 2*v - 4. Let t(x) = x + 12. Calculate the remainder when t(q) is divided by j.
8
Suppose 0 = -5*f - 4*t + 437, f = 2*f + 3*t - 94. What is the remainder when f is divided by 89/3 - (-4)/(-6)?
27
Suppose -5*g - 2*y + 22 = -0*y, -4*g + 5*y = -44. Suppose 8*k + 9 = 345. Calculate the remainder when k is divided by 44/g*(-12)/(-8).
9
What is the remainder when (0 - (-1 - 60/9))*12 is divided by 33?
26
Let x(w) = w - 14. Let g be (-1 + 4)*25/15. Let b be x(g). Let c = b + 25. What is the remainder when 30 is divided by c?
14
Suppose -50 = -9*s - 5. Suppose -s*a = -12 - 73. Calculate the remainder when 66 is divided by a.
15
Let x = -78 - -175. What is the remainder when x is divided by 10?
7
Suppose -4*k + 48 = -24. Suppose 0*h + k = 3*h. Calculate the remainder when -6*3/((-27)/30) is divided by h.
2
Suppose -m + 22 = 5*t, 4*t = -0*m + 4*m + 8. Suppose t*r - 459 = r. Calculate the remainder when r is divided by 39.
36
Let h(f) = 2*f**2 - 2*f - 4. Let d = -9 - -13. Let z(j) = -j**2 - 12*j + 2. What is the remainder when z(-5) is divided by h(d)?
17
Let b be ((-1)/2)/(2/(-108))*1. Let h = b - 20. Suppose 5*a = s - 5*s + 118, -5*s - 93 = -3*a. Calculate the remainder when a is divided by h.
5
Let r(f) = 4*f + 25. What is the remainder when r(-4) is divided by (0 + -5)*(-6)/15?
1
Suppose -5*j + 3*z = z + 121, 0 = 2*j - 3*z + 55. Let c = -126 - -81. Let y = j - c. What is the remainder when y is divided by 8?
6
Suppose -4*p - 301 = -493. What is the remainder when p is divided by 21?
6
Let y be (4/(-6))/((-1)/(-3)). Let c = y - -3. Suppose 32*z + 1422 = 1486. What is the remainder when z is divided by c?
0
Let k(v) = -v**2 + 18*v - 54. What is the remainder when 70 is divided by k(13)?
4
Let u(r) = -5*r - 25. Let l be u(-6). Suppose l*t + 68 = 2*s + 9, t + 3 = 0. Calculate the remainder when 104 is divided by s.
16
Let h = 33 - 138. Let u = 0 - h. What is the remainder when u is divided by 36?
33
Suppose 5*i = -4*r - 0*i + 38, 2*r - 16 = -4*i. Calculate the remainder when 39 is divided by r.
3
Let y(j) = -j**2 - 9*j + 1. Calculate the remainder when y(-4) is divided by (1 + -2)/((-6)/78).
8
Let b(a) = -8*a + 42. What is the remainder when 84 is divided by b(3)?
12
Let l = 11 + -8. Suppose 2*h - l*h - 5 = 0, -5*m = -h - 25. What is the remainder when 20 is divided by 5 + m + (-1 - 1)?
6
Let u = -33 + 51. Let j be (-2)/(-5) - 24/(-15). Suppose -3*y - 5*n + 133 = 0, 0 = 2*y + j*n - 53 - 41. Calculate the remainder when y is divided by u.
15
Suppose 0*x - x + 5 = 0. What is the remainder when -31 + 34 + 3/(3/20) is divided by x?
3
Suppose 0 = -38*a + 253 + 203. Calculate the remainder when 1042 is divided by a.
10
Let v = 12 + 3. Let g(y) = -3*y. Let f(d) = 11*d - 10. Let m(r) = -f(r) - 5*g(r). Calculate the remainder when m(v) is divided by 18.
16
Let f = 24 + -16. Suppose 25 = -31*m + 36*m. Suppose -m*x + b + 111 = 0, 103 = 5*x - 6*b + 3*b. What is the remainder when x is divided by f?
7
Let k(u) = 28*u**2 - u + 1. Let a be k(1). Let q = a - 9. What is the remainder when q is divided by (-44)/(-572) + 284/26?
8
Let x be (-2)/((-9)/((-45)/(-2))). Suppose -x*q + 145 = -280. What is the remainder when q is divided by 29?
27
Suppose -4*c = -4 - 20. Let g(p) = -2*p - 2*p + 2*p + c*p + 4. What is the remainder when 95 is divided by g(7)?
31
Suppose 2*o = -4*t - 256 + 16, -2*o + 3*t = 212. Calculate the remainder when 53 is divided by (-1536)/o - 2/(-7).
11
Let b(f) = 7*f - 56. What is the remainder when b(18) is divided by 19?
13
Let j be (-355)/(-10)*(5 - 3). Let c = j - -7. Calculate the remainder when c is divided by 16.
14
Suppose -2*w - 5*w - 525 = 0. Let l = w - -87. What is the remainder when 34 is divided by l?
10
Let o = -303 + 316. Calculate the remainder when o is divided by 10.
3
Let s be 73 + (-4 - (-8)/(-1 + 2)). Let h = s + -74. Calculate the remainder when 10 is divided by h.
1
Let g = -41 + 33. Let z = g + 12. What is the remainder when 38 is divided by z?
2
Suppose 0 = 3*x - 6*x + 15. Suppose -4*c + 2*t + 116 = 0, x*t - 18 = -2*c + c. What is the remainder when 110 is divided by c?
26
Suppose -5*l - 12 = -9*l. Suppose 4*x = 2*g + 310, 0 = 4*x + l*g - 339 + 54. Suppose -5*i - 20 + x = 0. Calculate the remainder when 41 is divided by i.
8
What is the remainder when 263 + (2 - -11) + -9 is divided by 34?
29
Let u = 269 - 140. Let s = -23162 + 23188. Calculate the remainder when u is divided by s.
25
Let p(s) = s**2 + 5*s + 2. Let g be p(-5). Let m be 0 + (-208)/((-4)/g). Suppose -3*r - r = -m. What is the remainder when 49 is divided by r?
23
Suppose -3*c = 9*n - 13*n - 555, c = 3*n + 185. Calculate the remainder when c is divided by 6.
5
Let h = 368 - 329. Calculate the remainder when 68 is divided by h.
29
Suppose -13*b + 75 = -718. Suppose 0 = -2*k + 4*p - 0*p + 44, 0 = 5*p. Calculate the remainder when b is divided by k.
17
Let c(b) = b**2 + 2*b - 6. Calculate the remainder when c(5) is divided by (2 - 1)/((-18)/(-288)).
13
What is the remainder when 86 is divided by ((-180)/70)/(59/(-56) - -1)?
38
Suppose 0*i = i + 8. Let x = i - -15. Let c = 6 - -5. What is the remainder when c is divided by x?
4
Suppose 14*z = 12*z - 52. Calculate the remainder when 48 is divided by (z/39)/(1/(-6)) + 21.
23
Let r(t) = -t**2 + 18*t + 12. Let o be r(13). Suppose -29 + o = 4*v. What is the remainder when 46 is divided by v?
10
Let m = 9 - 6. Let y be (-2)/(12/m)*-194. Suppose 0*j - y = -5*j - s, 5*s - 48 = -2*j. What is the remainder when 54 is divided by j?
16
Let f(a) = -a**3 - 16*a**2 + 2*a + 16. Let u be f(-16). Let v = u - -33. Calculate the remainder when v is divided by 4.
1
Let c = -2661 - -2722. What is the remainder when 853 is divided by c?
60
Calculate the remainder when 184 is divided by (-3)/(-30) + 479/10.
40
Suppose -34*a + 443 = -30*a - g, 5*a - 558 = -3*g. What is the remainder when a is divided by 28?
27
Let h(d) = 20*d - 23. Let i be h(8). Suppose -5*x + i + 28 = 0. What is the remainder when 62 is divided by x?
29
Let k(i) = -23*i. Let z(j) = j + 3. What is the remainder when k(-6) is divided by z(7)?
8
Suppose c - 11 - 18 = 4*j, 0 = -2*c - j + 31. Let p(z) = -53*z + 12. Calculate the remainder when p(-2) is divided by c.
16
Suppose 0 = -6*k + 5*k + 45. Calculate the remainder when k is divided by 12.
9
Let g(x) = -6*x**2 - 264*x + 36. What is the remainder when 357 is divided by g(-44)?
33
What is the remainder when (-8 - (-5)/(-5))*(-9 - 2) is divided by 15?
9
Calculate the remainder when 41 is divided by (-22)/(-1)*1 + -11 + 10.
20
Let i = 4 - -28. What is the remainder when 67 is divided by i?
3
Let l be 1/((-4)/(-14 - -2)). Suppose 4*p - 2*n = 126, -l*n - 87 = -3*p + 15. What is the remainder when p is divided by 15?
14
Suppose -17004 = -315*b + 289*b. Calculate the remainder when b is divided by 166.
156
Let m = -167 + 7